{"id":31,"date":"2025-01-21T12:25:35","date_gmt":"2025-01-21T12:25:35","guid":{"rendered":"https:\/\/evolueazaincariera2.ro\/?page_id=31"},"modified":"2025-01-21T12:25:35","modified_gmt":"2025-01-21T12:25:35","slug":"activitatile-proiectului","status":"publish","type":"page","link":"https:\/\/evolueazaincariera2.ro\/index.php\/activitatile-proiectului\/","title":{"rendered":"Activit\u0103\u021bile proiectului"},"content":{"rendered":"\n<p><strong>Activitatea 0.<\/strong> Managementul proiectului (L1-L36);&nbsp;<\/p>\n\n\n\n<p>Subactivitatea 0.1 &#8211; Coordonarea general\u0103 a proiectului (L1-L36);<\/p>\n\n\n\n<p>Subactivitatea 0.2 &#8211; Informare \u0219i publicitate proiect (L1-L36).<\/p>\n\n\n\n<p><strong>Activitatea A1.<\/strong> Informare, con\u0219tientizare, identificare \u0219i \u00eenscriere GT (L1-L36);<\/p>\n\n\n\n<p>Subactivitatea 1.1 &#8211; Informare, con\u0219tientizare, identificare \u0219i \u00eenscriere GT \u00een cadrul activit\u0103\u021bilor proiectului (L1-L36);<\/p>\n\n\n\n<p><strong>Activitatea A2.<\/strong> Furnizarea serviciilor de consiliere profesional\u0103 (L1-L36);<\/p>\n\n\n\n<p>Subactivitatea 2.1 \u2013 Consilierea profesional\u0103 a grupului \u021bint\u0103 (L1-L36);<\/p>\n\n\n\n<p><strong>Activitatea A3<\/strong>. Furnizarea serviciilor de formare profesional\u0103 (L1-L24);<\/p>\n\n\n\n<p>Subactivitatea 3.1 \u2013 Furnizarea serviciilor de formare profesional\u0103 pentru angaja\u021bi (L1-L36);<\/p>\n\n\n\n<p><strong>Activitatea A4.<\/strong> M\u0103suri inovative pentru cre\u0219terea particip\u0103rii la FPC (L1-L36);<\/p>\n\n\n\n<p>Subactivitatea 4.1 \u2013 M\u0103suri inovative pentru cre\u0219terea particip\u0103rii FPC pentru angaja\u021bi (L1-L36).<\/p>\n","protected":false},"excerpt":{"rendered":"<p>Activitatea 0. Managementul proiectului (L1-L36);&nbsp; Subactivitatea 0.1 &#8211; Coordonarea general\u0103 a proiectului (L1-L36); Subactivitatea 0.2 &#8211; Informare \u0219i publicitate proiect (L1-L36). Activitatea A1. Informare, con\u0219tientizare, identificare \u0219i \u00eenscriere GT (L1-L36); Subactivitatea 1.1 &#8211; Informare, con\u0219tientizare, identificare \u0219i \u00eenscriere GT \u00een cadrul activit\u0103\u021bilor proiectului (L1-L36); Activitatea A2. Furnizarea serviciilor de consiliere profesional\u0103 (L1-L36); Subactivitatea 2.1 \u2013 [&hellip;]<\/p>\n","protected":false},"author":1,"featured_media":0,"parent":0,"menu_order":0,"comment_status":"closed","ping_status":"closed","template":"","meta":{"footnotes":""},"class_list":["post-31","page","type-page","status-publish","hentry"],"_links":{"self":[{"href":"https:\/\/evolueazaincariera2.ro\/index.php\/wp-json\/wp\/v2\/pages\/31","targetHints":{"allow":["GET"]}}],"collection":[{"href":"https:\/\/evolueazaincariera2.ro\/index.php\/wp-json\/wp\/v2\/pages"}],"about":[{"href":"https:\/\/evolueazaincariera2.ro\/index.php\/wp-json\/wp\/v2\/types\/page"}],"author":[{"embeddable":true,"href":"https:\/\/evolueazaincariera2.ro\/index.php\/wp-json\/wp\/v2\/users\/1"}],"replies":[{"embeddable":true,"href":"https:\/\/evolueazaincariera2.ro\/index.php\/wp-json\/wp\/v2\/comments?post=31"}],"version-history":[{"count":1,"href":"https:\/\/evolueazaincariera2.ro\/index.php\/wp-json\/wp\/v2\/pages\/31\/revisions"}],"predecessor-version":[{"id":32,"href":"https:\/\/evolueazaincariera2.ro\/index.php\/wp-json\/wp\/v2\/pages\/31\/revisions\/32"}],"wp:attachment":[{"href":"https:\/\/evolueazaincariera2.ro\/index.php\/wp-json\/wp\/v2\/media?parent=31"}],"curies":[{"name":"wp","href":"https:\/\/api.w.org\/{rel}","templated":true}]}}